{"id":4300,"date":"2025-10-14T03:42:09","date_gmt":"2025-10-14T08:42:09","guid":{"rendered":"https:\/\/etagro.com\/new\/?product=motobomba-mbq-224d"},"modified":"2025-10-14T03:42:09","modified_gmt":"2025-10-14T08:42:09","slug":"motobomba-mbq-224d","status":"publish","type":"product","link":"https:\/\/etagro.com\/?product=motobomba-mbq-224d","title":{"rendered":"Motobomba MBQ 224D"},"content":{"rendered":"<p>Motobomba MBQ 224D con motor di\u00e9sel de 4.2 HP, 3600 RPM. Succi\u00f3n y descarga de 2&#8243; x 2&#8243;, tanque de 2.5 L, altura m\u00e1xima 18 m y caudal m\u00e1ximo de 600 lpm.<\/p>\n","protected":false},"excerpt":{"rendered":"<p>Motobomba di\u00e9sel 4.2 HP, 2&#8243; x 2&#8243;, 600 lpm, 18 m<\/p>\n","protected":false},"featured_media":4297,"comment_status":"open","ping_status":"closed","template":"","meta":{"_joinchat":[]},"product_brand":[],"product_cat":[25],"product_tag":[],"class_list":{"0":"post-4300","1":"product","2":"type-product","3":"status-publish","4":"has-post-thumbnail","6":"product_cat-motobombas","8":"first","9":"instock","10":"taxable","11":"shipping-taxable","12":"purchasable","13":"product-type-simple"},"_links":{"self":[{"href":"https:\/\/etagro.com\/index.php?rest_route=\/wp\/v2\/product\/4300","targetHints":{"allow":["GET"]}}],"collection":[{"href":"https:\/\/etagro.com\/index.php?rest_route=\/wp\/v2\/product"}],"about":[{"href":"https:\/\/etagro.com\/index.php?rest_route=\/wp\/v2\/types\/product"}],"replies":[{"embeddable":true,"href":"https:\/\/etagro.com\/index.php?rest_route=%2Fwp%2Fv2%2Fcomments&post=4300"}],"wp:featuredmedia":[{"embeddable":true,"href":"https:\/\/etagro.com\/index.php?rest_route=\/wp\/v2\/media\/4297"}],"wp:attachment":[{"href":"https:\/\/etagro.com\/index.php?rest_route=%2Fwp%2Fv2%2Fmedia&parent=4300"}],"wp:term":[{"taxonomy":"product_brand","embeddable":true,"href":"https:\/\/etagro.com\/index.php?rest_route=%2Fwp%2Fv2%2Fproduct_brand&post=4300"},{"taxonomy":"product_cat","embeddable":true,"href":"https:\/\/etagro.com\/index.php?rest_route=%2Fwp%2Fv2%2Fproduct_cat&post=4300"},{"taxonomy":"product_tag","embeddable":true,"href":"https:\/\/etagro.com\/index.php?rest_route=%2Fwp%2Fv2%2Fproduct_tag&post=4300"}],"curies":[{"name":"wp","href":"https:\/\/api.w.org\/{rel}","templated":true}]}}