{"id":4244,"date":"2025-10-14T03:17:36","date_gmt":"2025-10-14T08:17:36","guid":{"rendered":"https:\/\/etagro.com\/new\/?product=esybox-max-60-120"},"modified":"2025-10-14T03:17:36","modified_gmt":"2025-10-14T08:17:36","slug":"esybox-max-60-120","status":"publish","type":"product","link":"https:\/\/etagro.com\/?product=esybox-max-60-120","title":{"rendered":"ESYBOX MAX 60\/120"},"content":{"rendered":"<p>Bomba DAB ESYBOX MAX 60\/120 de 4.0 HP, 220V, 1 fase, 11A, conexi\u00f3n 1.1\/4\u00bb x 1.1\/4\u00bb, presi\u00f3n m\u00e1xima 69 PSI, caudal m\u00e1ximo 290 LPM.<\/p>\n","protected":false},"excerpt":{"rendered":"<p>Bomba DAB ESYBOX MAX 60\/120 de 4.0 HP, 220V, 1 fase, 11A, conexi\u00f3n 1.1\/4\u00bb x 1.1\/4\u00bb, presi\u00f3n m\u00e1xima 69 PSI, caudal m\u00e1ximo 290 LPM.<\/p>\n","protected":false},"featured_media":4241,"comment_status":"open","ping_status":"closed","template":"","meta":{"_joinchat":[]},"product_brand":[],"product_cat":[25],"product_tag":[],"class_list":{"0":"post-4244","1":"product","2":"type-product","3":"status-publish","4":"has-post-thumbnail","6":"product_cat-motobombas","8":"first","9":"instock","10":"taxable","11":"shipping-taxable","12":"purchasable","13":"product-type-simple"},"_links":{"self":[{"href":"https:\/\/etagro.com\/index.php?rest_route=\/wp\/v2\/product\/4244","targetHints":{"allow":["GET"]}}],"collection":[{"href":"https:\/\/etagro.com\/index.php?rest_route=\/wp\/v2\/product"}],"about":[{"href":"https:\/\/etagro.com\/index.php?rest_route=\/wp\/v2\/types\/product"}],"replies":[{"embeddable":true,"href":"https:\/\/etagro.com\/index.php?rest_route=%2Fwp%2Fv2%2Fcomments&post=4244"}],"wp:featuredmedia":[{"embeddable":true,"href":"https:\/\/etagro.com\/index.php?rest_route=\/wp\/v2\/media\/4241"}],"wp:attachment":[{"href":"https:\/\/etagro.com\/index.php?rest_route=%2Fwp%2Fv2%2Fmedia&parent=4244"}],"wp:term":[{"taxonomy":"product_brand","embeddable":true,"href":"https:\/\/etagro.com\/index.php?rest_route=%2Fwp%2Fv2%2Fproduct_brand&post=4244"},{"taxonomy":"product_cat","embeddable":true,"href":"https:\/\/etagro.com\/index.php?rest_route=%2Fwp%2Fv2%2Fproduct_cat&post=4244"},{"taxonomy":"product_tag","embeddable":true,"href":"https:\/\/etagro.com\/index.php?rest_route=%2Fwp%2Fv2%2Fproduct_tag&post=4244"}],"curies":[{"name":"wp","href":"https:\/\/api.w.org\/{rel}","templated":true}]}}