{"id":4193,"date":"2025-10-14T02:43:44","date_gmt":"2025-10-14T07:43:44","guid":{"rendered":"https:\/\/etagro.com\/new\/?product=flotador-electrico-pearl05"},"modified":"2025-10-14T02:43:44","modified_gmt":"2025-10-14T07:43:44","slug":"flotador-electrico-pearl05","status":"publish","type":"product","link":"https:\/\/etagro.com\/?product=flotador-electrico-pearl05","title":{"rendered":"Flotador El\u00e9ctrico PEARL05"},"content":{"rendered":"<p>Flotador el\u00e9ctrico Pearl modelo PEARL05 para automatizaci\u00f3n de bombas. Soporta hasta 16 A, cable de 5 m para mayor alcance. Dise\u00f1o robusto para uso continuo.<\/p>\n","protected":false},"excerpt":{"rendered":"<p>Flotador el\u00e9ctrico 16 A con 5 m de cable<\/p>\n","protected":false},"featured_media":4188,"comment_status":"open","ping_status":"closed","template":"","meta":{"_joinchat":[]},"product_brand":[],"product_cat":[25],"product_tag":[],"class_list":{"0":"post-4193","1":"product","2":"type-product","3":"status-publish","4":"has-post-thumbnail","6":"product_cat-motobombas","8":"first","9":"instock","10":"taxable","11":"shipping-taxable","12":"purchasable","13":"product-type-simple"},"_links":{"self":[{"href":"https:\/\/etagro.com\/index.php?rest_route=\/wp\/v2\/product\/4193","targetHints":{"allow":["GET"]}}],"collection":[{"href":"https:\/\/etagro.com\/index.php?rest_route=\/wp\/v2\/product"}],"about":[{"href":"https:\/\/etagro.com\/index.php?rest_route=\/wp\/v2\/types\/product"}],"replies":[{"embeddable":true,"href":"https:\/\/etagro.com\/index.php?rest_route=%2Fwp%2Fv2%2Fcomments&post=4193"}],"wp:featuredmedia":[{"embeddable":true,"href":"https:\/\/etagro.com\/index.php?rest_route=\/wp\/v2\/media\/4188"}],"wp:attachment":[{"href":"https:\/\/etagro.com\/index.php?rest_route=%2Fwp%2Fv2%2Fmedia&parent=4193"}],"wp:term":[{"taxonomy":"product_brand","embeddable":true,"href":"https:\/\/etagro.com\/index.php?rest_route=%2Fwp%2Fv2%2Fproduct_brand&post=4193"},{"taxonomy":"product_cat","embeddable":true,"href":"https:\/\/etagro.com\/index.php?rest_route=%2Fwp%2Fv2%2Fproduct_cat&post=4193"},{"taxonomy":"product_tag","embeddable":true,"href":"https:\/\/etagro.com\/index.php?rest_route=%2Fwp%2Fv2%2Fproduct_tag&post=4193"}],"curies":[{"name":"wp","href":"https:\/\/api.w.org\/{rel}","templated":true}]}}