{"id":4164,"date":"2025-10-14T01:44:04","date_gmt":"2025-10-14T06:44:04","guid":{"rendered":"https:\/\/etagro.com\/new\/?product=inversor-solar-vasco-solar-415-mp"},"modified":"2025-10-22T02:02:42","modified_gmt":"2025-10-22T07:02:42","slug":"inversor-solar-vasco-solar-415-mp","status":"publish","type":"product","link":"https:\/\/etagro.com\/?product=inversor-solar-vasco-solar-415-mp","title":{"rendered":"Inversor Solar VASCO SOLAR 415 MP"},"content":{"rendered":"<p>&#8211; Alimentaci\u00f3n en AC, disponible solo para modelos MP (MultiPower). &#8211; Voltaje VDC de entrada m\u00ednimo necesario para que la bomba funcione. &#8211; Art\u00edculo exento de IVA. &#8211; Refrigerado por aire. &#8211; Construido en aluminio. &#8211; Protege la bomba contra bajo\/alto voltaje, corto circuito, ca\u00edda de fase, sobretemperatura, sobreamperaje y marcha en seco. &#8211; Rango de trabajo hasta 285 PSI. &#8211; Fabricaci\u00f3n Nastec.<\/p>\n","protected":false},"excerpt":{"rendered":"<p>Inversor solar trif\u00e1sico para bombeo solar.<\/p>\n","protected":false},"featured_media":4156,"comment_status":"open","ping_status":"closed","template":"","meta":{"_joinchat":[]},"product_brand":[],"product_cat":[25],"product_tag":[],"class_list":{"0":"post-4164","1":"product","2":"type-product","3":"status-publish","4":"has-post-thumbnail","6":"product_cat-motobombas","8":"first","9":"instock","10":"taxable","11":"shipping-taxable","12":"purchasable","13":"product-type-simple"},"_links":{"self":[{"href":"https:\/\/etagro.com\/index.php?rest_route=\/wp\/v2\/product\/4164","targetHints":{"allow":["GET"]}}],"collection":[{"href":"https:\/\/etagro.com\/index.php?rest_route=\/wp\/v2\/product"}],"about":[{"href":"https:\/\/etagro.com\/index.php?rest_route=\/wp\/v2\/types\/product"}],"replies":[{"embeddable":true,"href":"https:\/\/etagro.com\/index.php?rest_route=%2Fwp%2Fv2%2Fcomments&post=4164"}],"wp:featuredmedia":[{"embeddable":true,"href":"https:\/\/etagro.com\/index.php?rest_route=\/wp\/v2\/media\/4156"}],"wp:attachment":[{"href":"https:\/\/etagro.com\/index.php?rest_route=%2Fwp%2Fv2%2Fmedia&parent=4164"}],"wp:term":[{"taxonomy":"product_brand","embeddable":true,"href":"https:\/\/etagro.com\/index.php?rest_route=%2Fwp%2Fv2%2Fproduct_brand&post=4164"},{"taxonomy":"product_cat","embeddable":true,"href":"https:\/\/etagro.com\/index.php?rest_route=%2Fwp%2Fv2%2Fproduct_cat&post=4164"},{"taxonomy":"product_tag","embeddable":true,"href":"https:\/\/etagro.com\/index.php?rest_route=%2Fwp%2Fv2%2Fproduct_tag&post=4164"}],"curies":[{"name":"wp","href":"https:\/\/api.w.org\/{rel}","templated":true}]}}