{"id":3905,"date":"2025-10-13T22:19:42","date_gmt":"2025-10-14T03:19:42","guid":{"rendered":"https:\/\/etagro.com\/new\/?product=bomba-multietapas-vertical-pearl-vpc1-21-30c16s"},"modified":"2025-11-18T12:56:19","modified_gmt":"2025-11-18T17:56:19","slug":"bomba-multietapas-vertical-pearl-vpc1-21-30c16s","status":"publish","type":"product","link":"https:\/\/etagro.com\/?product=bomba-multietapas-vertical-pearl-vpc1-21-30c16s","title":{"rendered":"Electrobomba Multietapas Vertical Pearl VPC1-21 30C16S"},"content":{"rendered":"<p>Las bombas verticales multietapas Pearl VPC est\u00e1n dise\u00f1adas para aplicaciones de alta presi\u00f3n. Cuentan con parte hidr\u00e1ulica en acero inoxidable, base en hierro y sello mec\u00e1nico tipo cartucho en carburo de silicio. Ideales para sistemas de presi\u00f3n, abastecimiento de agua y procesos industriales. Temperatura del fluido hasta 120 \u00b0C y motores IPX5.<\/p>\n","protected":false},"excerpt":{"rendered":"<p>Electrobomba multietapas vertical en acero inoxidable, eficiente y resistente para altas presiones.<\/p>\n","protected":false},"featured_media":3897,"comment_status":"open","ping_status":"closed","template":"","meta":{"_joinchat":[]},"product_brand":[],"product_cat":[25],"product_tag":[],"class_list":{"0":"post-3905","1":"product","2":"type-product","3":"status-publish","4":"has-post-thumbnail","6":"product_cat-motobombas","8":"first","9":"instock","10":"taxable","11":"shipping-taxable","12":"purchasable","13":"product-type-simple"},"_links":{"self":[{"href":"https:\/\/etagro.com\/index.php?rest_route=\/wp\/v2\/product\/3905","targetHints":{"allow":["GET"]}}],"collection":[{"href":"https:\/\/etagro.com\/index.php?rest_route=\/wp\/v2\/product"}],"about":[{"href":"https:\/\/etagro.com\/index.php?rest_route=\/wp\/v2\/types\/product"}],"replies":[{"embeddable":true,"href":"https:\/\/etagro.com\/index.php?rest_route=%2Fwp%2Fv2%2Fcomments&post=3905"}],"wp:featuredmedia":[{"embeddable":true,"href":"https:\/\/etagro.com\/index.php?rest_route=\/wp\/v2\/media\/3897"}],"wp:attachment":[{"href":"https:\/\/etagro.com\/index.php?rest_route=%2Fwp%2Fv2%2Fmedia&parent=3905"}],"wp:term":[{"taxonomy":"product_brand","embeddable":true,"href":"https:\/\/etagro.com\/index.php?rest_route=%2Fwp%2Fv2%2Fproduct_brand&post=3905"},{"taxonomy":"product_cat","embeddable":true,"href":"https:\/\/etagro.com\/index.php?rest_route=%2Fwp%2Fv2%2Fproduct_cat&post=3905"},{"taxonomy":"product_tag","embeddable":true,"href":"https:\/\/etagro.com\/index.php?rest_route=%2Fwp%2Fv2%2Fproduct_tag&post=3905"}],"curies":[{"name":"wp","href":"https:\/\/api.w.org\/{rel}","templated":true}]}}