{"id":3766,"date":"2025-10-09T01:04:47","date_gmt":"2025-10-09T06:04:47","guid":{"rendered":"https:\/\/etagro.com\/new\/?post_type=product&#038;p=3766"},"modified":"2025-10-09T01:04:47","modified_gmt":"2025-10-09T06:04:47","slug":"motobomba-centrifuga-pearl-cep-200h36s-20hp","status":"publish","type":"product","link":"https:\/\/etagro.com\/?product=motobomba-centrifuga-pearl-cep-200h36s-20hp","title":{"rendered":"Motobomba Centr\u00edfuga Pearl CEP 200H36S 20HP"},"content":{"rendered":"<p>Estos dispositivos de superficie centr\u00edfugos facilitan el traspaso de aguas o l\u00edquidos, en este caso limpios y no abrasivos, en usos de vivienda e industriales. Las aconsejamos para grupos de presi\u00f3n, riegos por aspersi\u00f3n, etc. Es capaz de asumir caudales y presiones de exigencia media.<\/p>\n<p>Los Sistemas de bombeo de la gama CEP BIG son apropiados para bombear agua limpia u otros l\u00edquidos de caracter\u00edsticas fisicoqu\u00edmicas parecidas a las de agua. Se aconseja para ser usado en instalaciones tipo edificio, en distintos procesos industriales, en sistemas hidroneum\u00e1ticos, trasiego de agua, en sistemas de aire acondicionado y recirculaci\u00f3n de agua.\u00a0<strong>El valor del PH de los l\u00edquidos se tiene que mantener entre 6,5 y 8,5.<\/strong><\/p>\n","protected":false},"excerpt":{"rendered":"<p>La\u00a0<strong>Bomba Centr\u00edfuga Pearl CEP 200H36S 20HP 220\/440V<\/strong>\u00a0para ser usadas moviendo agua limpia u otros l\u00edquidos similares al agua en propiedades f\u00edsicas y qu\u00edmicas sin part\u00edculas abrasivas. Recomendadas para suministro de agua a peque\u00f1as unidades residenciales, peque\u00f1os sistemas de riego, sistemas de aire acondicionado y peque\u00f1os sistemas hidroneum\u00e1ticos.<\/p>\n","protected":false},"featured_media":3761,"comment_status":"open","ping_status":"closed","template":"","meta":{"_joinchat":[]},"product_brand":[],"product_cat":[89,25],"product_tag":[],"class_list":{"0":"post-3766","1":"product","2":"type-product","3":"status-publish","4":"has-post-thumbnail","6":"product_cat-electricas","7":"product_cat-motobombas","9":"first","10":"instock","11":"taxable","12":"shipping-taxable","13":"purchasable","14":"product-type-simple"},"_links":{"self":[{"href":"https:\/\/etagro.com\/index.php?rest_route=\/wp\/v2\/product\/3766","targetHints":{"allow":["GET"]}}],"collection":[{"href":"https:\/\/etagro.com\/index.php?rest_route=\/wp\/v2\/product"}],"about":[{"href":"https:\/\/etagro.com\/index.php?rest_route=\/wp\/v2\/types\/product"}],"replies":[{"embeddable":true,"href":"https:\/\/etagro.com\/index.php?rest_route=%2Fwp%2Fv2%2Fcomments&post=3766"}],"wp:featuredmedia":[{"embeddable":true,"href":"https:\/\/etagro.com\/index.php?rest_route=\/wp\/v2\/media\/3761"}],"wp:attachment":[{"href":"https:\/\/etagro.com\/index.php?rest_route=%2Fwp%2Fv2%2Fmedia&parent=3766"}],"wp:term":[{"taxonomy":"product_brand","embeddable":true,"href":"https:\/\/etagro.com\/index.php?rest_route=%2Fwp%2Fv2%2Fproduct_brand&post=3766"},{"taxonomy":"product_cat","embeddable":true,"href":"https:\/\/etagro.com\/index.php?rest_route=%2Fwp%2Fv2%2Fproduct_cat&post=3766"},{"taxonomy":"product_tag","embeddable":true,"href":"https:\/\/etagro.com\/index.php?rest_route=%2Fwp%2Fv2%2Fproduct_tag&post=3766"}],"curies":[{"name":"wp","href":"https:\/\/api.w.org\/{rel}","templated":true}]}}