{"id":3544,"date":"2025-10-07T18:21:17","date_gmt":"2025-10-07T23:21:17","guid":{"rendered":"https:\/\/etagro.com\/new\/?post_type=product&#038;p=3544"},"modified":"2025-10-07T18:21:17","modified_gmt":"2025-10-07T23:21:17","slug":"motoazada-gasolina-wm500cmh-r","status":"publish","type":"product","link":"https:\/\/etagro.com\/?product=motoazada-gasolina-wm500cmh-r","title":{"rendered":"Motoazada Gasolina WM500CMH-R"},"content":{"rendered":"<p>El dise\u00f1o OHV mejora la eficiencia de combusti\u00f3n. La disposici\u00f3n de las v\u00e1lvulas permite una admisi\u00f3n de mezcla de combustible m\u00e1s homog\u00e9nea, adem\u00e1s de un escape m\u00e1s r\u00e1pido y completo. F\u00e1cil arranque gracias al sistema de descompresi\u00f3n autom\u00e1tico y a un p<\/p>\n<p>Motoazada profesional de dise\u00f1o confiable que se adapta a las elevadas exigencias de agricultores y expertos en mantenimiento y preparaci\u00f3n de terrenos para cultivo y siembra.<\/p>\n<p>Juego de cuchillas.<br \/>\nBarra de profundidad.<br \/>\nLlantas.<\/p>\n","protected":false},"excerpt":{"rendered":"<p>Enermax\u00a0<strong>Potenciado por:<\/strong>\u00a0Gasolina 4T\u00a0<strong>Potencia neta (hp):<\/strong>\u00a05.5\u00a0<strong>Tipo de arranque:<\/strong>\u00a0Manual (retr\u00e1ctil)\u00a0<strong>Velocidades:<\/strong>\u00a0Dos adelante y una hacia atr\u00e1s\u00a0<strong>Ancho de trabajo (cm):<\/strong>\u00a050 &#8211; 100\u00a0<strong>Profundidad de trabajo (cm):<\/strong>\u00a015 &#8211; 25<\/p>\n","protected":false},"featured_media":3555,"comment_status":"open","ping_status":"closed","template":"","meta":{"_joinchat":[]},"product_brand":[],"product_cat":[33],"product_tag":[],"class_list":{"0":"post-3544","1":"product","2":"type-product","3":"status-publish","4":"has-post-thumbnail","6":"product_cat-motoazadas","8":"first","9":"instock","10":"taxable","11":"shipping-taxable","12":"purchasable","13":"product-type-simple"},"_links":{"self":[{"href":"https:\/\/etagro.com\/index.php?rest_route=\/wp\/v2\/product\/3544","targetHints":{"allow":["GET"]}}],"collection":[{"href":"https:\/\/etagro.com\/index.php?rest_route=\/wp\/v2\/product"}],"about":[{"href":"https:\/\/etagro.com\/index.php?rest_route=\/wp\/v2\/types\/product"}],"replies":[{"embeddable":true,"href":"https:\/\/etagro.com\/index.php?rest_route=%2Fwp%2Fv2%2Fcomments&post=3544"}],"wp:featuredmedia":[{"embeddable":true,"href":"https:\/\/etagro.com\/index.php?rest_route=\/wp\/v2\/media\/3555"}],"wp:attachment":[{"href":"https:\/\/etagro.com\/index.php?rest_route=%2Fwp%2Fv2%2Fmedia&parent=3544"}],"wp:term":[{"taxonomy":"product_brand","embeddable":true,"href":"https:\/\/etagro.com\/index.php?rest_route=%2Fwp%2Fv2%2Fproduct_brand&post=3544"},{"taxonomy":"product_cat","embeddable":true,"href":"https:\/\/etagro.com\/index.php?rest_route=%2Fwp%2Fv2%2Fproduct_cat&post=3544"},{"taxonomy":"product_tag","embeddable":true,"href":"https:\/\/etagro.com\/index.php?rest_route=%2Fwp%2Fv2%2Fproduct_tag&post=3544"}],"curies":[{"name":"wp","href":"https:\/\/api.w.org\/{rel}","templated":true}]}}