{"id":3543,"date":"2025-10-07T17:56:16","date_gmt":"2025-10-07T22:56:16","guid":{"rendered":"https:\/\/etagro.com\/new\/?post_type=product&#038;p=3543"},"modified":"2025-10-07T17:56:16","modified_gmt":"2025-10-07T22:56:16","slug":"ensiladora-de-forrajes-mecanica-efm-4-kit-gasolina","status":"publish","type":"product","link":"https:\/\/etagro.com\/?product=ensiladora-de-forrajes-mecanica-efm-4-kit-gasolina","title":{"rendered":"Ensiladora de Forrajes Mec\u00e1nica EFM-4  Kit  gasolina"},"content":{"rendered":"<p>Es ideal para empacar grandes cantidades de silo como: ma\u00edz, ca\u00f1a, pastos de corte, hojas, entre otros y poder almacenarlos para las temporadas de sequ\u00eda \ud83c\udf3e<\/p>\n<p>La EFM-4 compacta el forraje con mecanismos precisos y f\u00e1ciles de manejar, asegurando una buena conservaci\u00f3n del silo y ayudando a mantener la calidad del alimento que consumen los animales.<\/p>\n<ul>\n<li>Cuenta con una tolva abatible que ofrece versatilidad en la alimentaci\u00f3n, ya sea de forma manual o a trav\u00e9s de vagones forrajeros<\/li>\n<li>Es un equipo robusto, fabricado con materiales de larga duraci\u00f3n, dise\u00f1ado para trabajar en las condiciones del campo colombiano.<\/li>\n<li>Excelente desempe\u00f1o en especies forrajeras sembradas al voleo.<\/li>\n<li>Alta capacidad de producci\u00f3n.<br \/>\n<table width=\"510\">\n<tbody>\n<tr>\n<td width=\"261\">Modelo<\/td>\n<td width=\"249\">EFM-4<\/td>\n<\/tr>\n<tr>\n<td width=\"261\">Capacidad<\/td>\n<td width=\"249\">2 a 4 toneladas\/hora<br \/>\n1 bolsa\/minuto*<\/td>\n<\/tr>\n<tr>\n<td width=\"261\">Alimentaci\u00f3n<\/td>\n<td width=\"249\">Manual o mec\u00e1nica**<\/td>\n<\/tr>\n<tr>\n<td width=\"261\">Potencia motor Di\u00e9sel y<br \/>\nbandas<\/td>\n<td width=\"249\">10 HP a 3.600 RPM&nbsp;<\/p>\n<p>2 bandas tipo V B54\u2019\u2019<\/td>\n<\/tr>\n<tr>\n<td width=\"261\">Potencia motor el\u00e9ctrico y<br \/>\nbandas<\/td>\n<td width=\"249\">7,5 a 10 HP a 3.600RPM&nbsp;<\/p>\n<p>2 bandas tipo V B54\u2019\u2019***<\/td>\n<\/tr>\n<tr>\n<td width=\"261\">Potencia motor gasolina y bandas<\/td>\n<td width=\"249\">13 HP a 3.600 RPM&nbsp;<\/p>\n<p>2 bandas tipo V B74\u2019\u2019<\/td>\n<\/tr>\n<tr>\n<td width=\"261\">Di\u00e1metro de polea motor<\/td>\n<td width=\"249\">4\u2019\u2019 x 2B<\/td>\n<\/tr>\n<tr>\n<td width=\"261\">Potencia para accionamiento con tractor<\/td>\n<td width=\"249\">7,5 CV PTO tractor a 540 RPM<\/td>\n<\/tr>\n<tr>\n<td width=\"261\">Tama\u00f1o de la bolsa<br \/>\n(Largo x Ancho)<\/td>\n<td width=\"249\">1,10 [m] x 0,60 [m]<\/td>\n<\/tr>\n<tr>\n<td width=\"261\">Calibre bolsa<\/td>\n<td width=\"249\">6<\/td>\n<\/tr>\n<tr>\n<td width=\"261\">Capacidad bolsa<\/td>\n<td width=\"249\">40 \u2013 50 kg****<\/td>\n<\/tr>\n<tr>\n<td width=\"261\">Peso aproximado<\/td>\n<td width=\"249\">367 kg<\/td>\n<\/tr>\n<tr>\n<td width=\"261\">Sistema de freno<\/td>\n<td width=\"249\">Disco acero\/pastillas<\/td>\n<\/tr>\n<tr>\n<td width=\"261\">Dimensiones generales(Largo x Ancho x Alto)<\/td>\n<td width=\"249\">2,93 [m] x 1,32 [m] x 1,24 [m]<\/td>\n<\/tr>\n<\/tbody>\n<\/table>\n<\/li>\n<\/ul>\n","protected":false},"excerpt":{"rendered":"<p>Ensiladora de forrajes mec\u00e1nica con kit para motor gasolina.<br \/>\n<strong>No incluye motor.<\/strong><\/p>\n","protected":false},"featured_media":3542,"comment_status":"open","ping_status":"closed","template":"","meta":{"_joinchat":[]},"product_brand":[],"product_cat":[111,37],"product_tag":[],"class_list":{"0":"post-3543","1":"product","2":"type-product","3":"status-publish","4":"has-post-thumbnail","6":"product_cat-picapasto","7":"product_cat-ensiladoras-y-molinos","9":"first","10":"instock","11":"taxable","12":"shipping-taxable","13":"purchasable","14":"product-type-simple"},"_links":{"self":[{"href":"https:\/\/etagro.com\/index.php?rest_route=\/wp\/v2\/product\/3543","targetHints":{"allow":["GET"]}}],"collection":[{"href":"https:\/\/etagro.com\/index.php?rest_route=\/wp\/v2\/product"}],"about":[{"href":"https:\/\/etagro.com\/index.php?rest_route=\/wp\/v2\/types\/product"}],"replies":[{"embeddable":true,"href":"https:\/\/etagro.com\/index.php?rest_route=%2Fwp%2Fv2%2Fcomments&post=3543"}],"wp:featuredmedia":[{"embeddable":true,"href":"https:\/\/etagro.com\/index.php?rest_route=\/wp\/v2\/media\/3542"}],"wp:attachment":[{"href":"https:\/\/etagro.com\/index.php?rest_route=%2Fwp%2Fv2%2Fmedia&parent=3543"}],"wp:term":[{"taxonomy":"product_brand","embeddable":true,"href":"https:\/\/etagro.com\/index.php?rest_route=%2Fwp%2Fv2%2Fproduct_brand&post=3543"},{"taxonomy":"product_cat","embeddable":true,"href":"https:\/\/etagro.com\/index.php?rest_route=%2Fwp%2Fv2%2Fproduct_cat&post=3543"},{"taxonomy":"product_tag","embeddable":true,"href":"https:\/\/etagro.com\/index.php?rest_route=%2Fwp%2Fv2%2Fproduct_tag&post=3543"}],"curies":[{"name":"wp","href":"https:\/\/api.w.org\/{rel}","templated":true}]}}