{"id":3533,"date":"2025-10-07T17:49:11","date_gmt":"2025-10-07T22:49:11","guid":{"rendered":"https:\/\/etagro.com\/new\/?post_type=product&#038;p=3533"},"modified":"2025-10-07T17:49:11","modified_gmt":"2025-10-07T22:49:11","slug":"picador-de-residuos-organicos-y-vegetales-pr-6","status":"publish","type":"product","link":"https:\/\/etagro.com\/?product=picador-de-residuos-organicos-y-vegetales-pr-6","title":{"rendered":"Picador de Residuos Org\u00e1nicos y Vegetales PR-6"},"content":{"rendered":"<p>Dise\u00f1ado para picado especialmente de desechos vegetales blandos en plazas de mercado y\/o Fincas<\/p>\n<p>\u2022 Ideal para picado de podas de jard\u00edn en conjuntos residenciales<br \/>\n\u2022 Pica v\u00e1stago y mano (boleja) de banano<br \/>\n\u2022 Pica flores, helechos, heliconias, platanillo y otras plantas ornamentales<br \/>\n\u2022 Pica cacota de cacao fresca<br \/>\n\u2022 Pica tallos blandos no fibrosos de hasta 1 1\u20444\u201d<br \/>\n\u2022 Brinda la opci\u00f3n de picado de residuos de: zanahoria, papa, trozos de yuca otros tub\u00e9rculos, frutas y dem\u00e1s materiales similares.<\/p>\n<table width=\"414\">\n<tbody>\n<tr>\n<td width=\"212\">Modelo<\/td>\n<td width=\"202\">PR-6<\/td>\n<\/tr>\n<tr>\n<td width=\"212\">Producci\u00f3n*<\/td>\n<td width=\"202\">1.5 a 2 m3 \/ hora<\/td>\n<\/tr>\n<tr>\n<td width=\"212\">N\u00famero de cuchillas m\u00f3viles<\/td>\n<td width=\"202\">2<\/td>\n<\/tr>\n<tr>\n<td width=\"212\">N\u00famero de contracuchilla<\/td>\n<td width=\"202\">1<\/td>\n<\/tr>\n<tr>\n<td width=\"212\">Revoluciones del rotor<\/td>\n<td width=\"202\">2200 \u2013 2400<\/td>\n<\/tr>\n<tr>\n<td width=\"212\">Polea del rotor de la m\u00e1quina<\/td>\n<td width=\"202\">6\u201d x 28 c\u00f3nica<\/td>\n<\/tr>\n<tr>\n<td width=\"212\">Potencia motor el\u00e9ctrico<\/td>\n<td width=\"202\">3 HP<\/td>\n<\/tr>\n<tr>\n<td width=\"212\">Polea para motores a 3600 RPM<\/td>\n<td width=\"202\">4\u201d x 28<\/td>\n<\/tr>\n<tr>\n<td width=\"212\">Potencia motor a combusti\u00f3n (gasolina o di\u00e9sel)<\/td>\n<td width=\"202\">6.5\u00a0 HP<\/td>\n<\/tr>\n<tr>\n<td width=\"212\">Dimensiones en mm (l x a x h)<\/td>\n<td width=\"202\">820 x 500 x 900<\/td>\n<\/tr>\n<tr>\n<td width=\"212\">Peso aproximado<\/td>\n<td width=\"202\">60 kg<\/td>\n<\/tr>\n<\/tbody>\n<\/table>\n","protected":false},"excerpt":{"rendered":"<p>Picador de Residuos org\u00e1nicos, 2 cuchillas, 1 contracuchilla, con base para motor<br \/>\nel\u00e9ctrico o combusti\u00f3n.<\/p>\n","protected":false},"featured_media":3534,"comment_status":"open","ping_status":"closed","template":"","meta":{"_joinchat":[]},"product_brand":[],"product_cat":[111,15],"product_tag":[],"class_list":{"0":"post-3533","1":"product","2":"type-product","3":"status-publish","4":"has-post-thumbnail","6":"product_cat-picapasto","7":"product_cat-tienda","9":"first","10":"instock","11":"taxable","12":"shipping-taxable","13":"purchasable","14":"product-type-simple"},"_links":{"self":[{"href":"https:\/\/etagro.com\/index.php?rest_route=\/wp\/v2\/product\/3533","targetHints":{"allow":["GET"]}}],"collection":[{"href":"https:\/\/etagro.com\/index.php?rest_route=\/wp\/v2\/product"}],"about":[{"href":"https:\/\/etagro.com\/index.php?rest_route=\/wp\/v2\/types\/product"}],"replies":[{"embeddable":true,"href":"https:\/\/etagro.com\/index.php?rest_route=%2Fwp%2Fv2%2Fcomments&post=3533"}],"wp:featuredmedia":[{"embeddable":true,"href":"https:\/\/etagro.com\/index.php?rest_route=\/wp\/v2\/media\/3534"}],"wp:attachment":[{"href":"https:\/\/etagro.com\/index.php?rest_route=%2Fwp%2Fv2%2Fmedia&parent=3533"}],"wp:term":[{"taxonomy":"product_brand","embeddable":true,"href":"https:\/\/etagro.com\/index.php?rest_route=%2Fwp%2Fv2%2Fproduct_brand&post=3533"},{"taxonomy":"product_cat","embeddable":true,"href":"https:\/\/etagro.com\/index.php?rest_route=%2Fwp%2Fv2%2Fproduct_cat&post=3533"},{"taxonomy":"product_tag","embeddable":true,"href":"https:\/\/etagro.com\/index.php?rest_route=%2Fwp%2Fv2%2Fproduct_tag&post=3533"}],"curies":[{"name":"wp","href":"https:\/\/api.w.org\/{rel}","templated":true}]}}