{"id":3462,"date":"2025-10-07T15:07:06","date_gmt":"2025-10-07T20:07:06","guid":{"rendered":"https:\/\/etagro.com\/new\/?product=pp-300r"},"modified":"2025-10-23T14:02:40","modified_gmt":"2025-10-23T19:02:40","slug":"pp-300r","status":"publish","type":"product","link":"https:\/\/etagro.com\/?product=pp-300r","title":{"rendered":"Picapasto PENAGOS PP-300R"},"content":{"rendered":"<p><em>Picadora de alta velocidad para uso de raci\u00f3n diaria o ensilaje. Ideal para peque\u00f1os ganaderos<\/em><\/p>\n<p>La picapasto PP-300 R incluye base para motor el\u00e9ctrico, gasolina o di\u00e9sel, cuenta con un protector de bandas y poleas.<br \/>\nIdeal para optimizar el picado de pasto, ca\u00f1a de az\u00facar, sorgo y otras especies forrajeras; brinda la opci\u00f3n de picado de zanahoria, papa y\/o trozos de yuca. Posee dos cuchillas m\u00f3viles y una contra cuchilla fija.<\/p>\n<p>\u2013 Apta para raci\u00f3n diaria<br \/>\n\u2013 Ideal para hacer ensilaje en peque\u00f1as cantidades.<br \/>\n\u2013 Segura en su operaci\u00f3n<br \/>\n\u2013 F\u00e1cil en su mantenimiento<\/p>\n<table width=\"510\">\n<tbody>\n<tr>\n<td width=\"261\">Modelo<\/td>\n<td width=\"249\">PP-300R<\/td>\n<\/tr>\n<tr>\n<td width=\"261\">Producci\u00f3n forrajes kg\/h*<\/td>\n<td width=\"249\">600 \u2013 1000<\/td>\n<\/tr>\n<tr>\n<td width=\"261\">N\u00famero de cuchillas<\/td>\n<td width=\"249\">2<\/td>\n<\/tr>\n<tr>\n<td width=\"261\">N\u00famero de contracuchillas<\/td>\n<td width=\"249\">1<\/td>\n<\/tr>\n<tr>\n<td width=\"261\">Revoluciones del rotor<\/td>\n<td width=\"249\">3200 \u2013 3500<\/td>\n<\/tr>\n<tr>\n<td width=\"261\">Potencia motor el\u00e9ctrico<\/td>\n<td width=\"249\">2.0 \u2013 3.0 HP<\/td>\n<\/tr>\n<tr>\n<td width=\"261\">Potencia motor gasolina o di\u00e9sel<\/td>\n<td width=\"249\">6.5 HP<\/td>\n<\/tr>\n<tr>\n<td width=\"261\">Dimensiones de la boca de la recamara de picado<\/td>\n<td width=\"249\">70 x 70 mm<\/td>\n<\/tr>\n<tr>\n<td width=\"261\">Dimensiones (L x A x H) mm<\/td>\n<td width=\"249\">700 x 700 x 920<\/td>\n<\/tr>\n<tr>\n<td width=\"261\">Peso aproximado (sin motor)<\/td>\n<td width=\"249\">32 kg<\/td>\n<\/tr>\n<\/tbody>\n<\/table>\n","protected":false},"excerpt":{"rendered":"<p>Picapasto 300, protector de correas y poleas, 2 cuchillas. Incluye base para motor<br \/>\nel\u00e9ctrico, di\u00e9sel o gasolina.<\/p>\n","protected":false},"featured_media":3474,"comment_status":"open","ping_status":"closed","template":"","meta":{"_joinchat":[]},"product_brand":[],"product_cat":[60,39],"product_tag":[],"class_list":{"0":"post-3462","1":"product","2":"type-product","3":"status-publish","4":"has-post-thumbnail","6":"product_cat-cortacesped","7":"product_cat-zonas-verdes","9":"first","10":"instock","11":"taxable","12":"shipping-taxable","13":"purchasable","14":"product-type-simple"},"_links":{"self":[{"href":"https:\/\/etagro.com\/index.php?rest_route=\/wp\/v2\/product\/3462","targetHints":{"allow":["GET"]}}],"collection":[{"href":"https:\/\/etagro.com\/index.php?rest_route=\/wp\/v2\/product"}],"about":[{"href":"https:\/\/etagro.com\/index.php?rest_route=\/wp\/v2\/types\/product"}],"replies":[{"embeddable":true,"href":"https:\/\/etagro.com\/index.php?rest_route=%2Fwp%2Fv2%2Fcomments&post=3462"}],"wp:featuredmedia":[{"embeddable":true,"href":"https:\/\/etagro.com\/index.php?rest_route=\/wp\/v2\/media\/3474"}],"wp:attachment":[{"href":"https:\/\/etagro.com\/index.php?rest_route=%2Fwp%2Fv2%2Fmedia&parent=3462"}],"wp:term":[{"taxonomy":"product_brand","embeddable":true,"href":"https:\/\/etagro.com\/index.php?rest_route=%2Fwp%2Fv2%2Fproduct_brand&post=3462"},{"taxonomy":"product_cat","embeddable":true,"href":"https:\/\/etagro.com\/index.php?rest_route=%2Fwp%2Fv2%2Fproduct_cat&post=3462"},{"taxonomy":"product_tag","embeddable":true,"href":"https:\/\/etagro.com\/index.php?rest_route=%2Fwp%2Fv2%2Fproduct_tag&post=3462"}],"curies":[{"name":"wp","href":"https:\/\/api.w.org\/{rel}","templated":true}]}}