{"id":3399,"date":"2025-10-07T04:56:18","date_gmt":"2025-10-07T09:56:18","guid":{"rendered":"https:\/\/etagro.com\/new\/?post_type=product&#038;p=3399"},"modified":"2025-10-07T04:56:18","modified_gmt":"2025-10-07T09:56:18","slug":"kit-hidrolavadora-3wz-3000a-2","status":"publish","type":"product","link":"https:\/\/etagro.com\/?product=kit-hidrolavadora-3wz-3000a-2","title":{"rendered":"Kit Hidrolavadora 3WZ-3000A"},"content":{"rendered":"<p>Hidrolavadora de \u00e9mbolos met\u00e1licos endurecidos que proporcionan mayor resistencia a la temperatura y al desgaste adecuadas para trabajar con agua dulce y limpia a una temperatura m\u00e1xima de 40\u00b0C, y solo durante breves instantes de tiempo, hasta 60\u00b0C. Fabri<\/p>\n<p>Hidrolavadora de trabajo profesional y bajo consumo de agua para m\u00faltiples aplicaciones en labores de limpieza y mantenimiento en sectores como construcci\u00f3n, agr\u00edcola y comercio.<\/p>\n","protected":false},"excerpt":{"rendered":"<p>Ecomax\u00a0<strong>Caudal m\u00e1ximo (lpm):<\/strong>\u00a012.6\u00a0<strong>Velocidad (rpm):<\/strong>\u00a03450\u00a0<strong>Tipo de acople:<\/strong>\u00a0Directo\u00a0<strong>Di\u00e1metro eje:<\/strong>\u00a03\/4&#8243;<\/p>\n","protected":false},"featured_media":3400,"comment_status":"open","ping_status":"closed","template":"","meta":{"_joinchat":[]},"product_brand":[],"product_cat":[92,25],"product_tag":[],"class_list":{"0":"post-3399","1":"product","2":"type-product","3":"status-publish","4":"has-post-thumbnail","6":"product_cat-hidrolavadoras","7":"product_cat-motobombas","9":"first","10":"instock","11":"taxable","12":"shipping-taxable","13":"purchasable","14":"product-type-simple"},"_links":{"self":[{"href":"https:\/\/etagro.com\/index.php?rest_route=\/wp\/v2\/product\/3399","targetHints":{"allow":["GET"]}}],"collection":[{"href":"https:\/\/etagro.com\/index.php?rest_route=\/wp\/v2\/product"}],"about":[{"href":"https:\/\/etagro.com\/index.php?rest_route=\/wp\/v2\/types\/product"}],"replies":[{"embeddable":true,"href":"https:\/\/etagro.com\/index.php?rest_route=%2Fwp%2Fv2%2Fcomments&post=3399"}],"wp:featuredmedia":[{"embeddable":true,"href":"https:\/\/etagro.com\/index.php?rest_route=\/wp\/v2\/media\/3400"}],"wp:attachment":[{"href":"https:\/\/etagro.com\/index.php?rest_route=%2Fwp%2Fv2%2Fmedia&parent=3399"}],"wp:term":[{"taxonomy":"product_brand","embeddable":true,"href":"https:\/\/etagro.com\/index.php?rest_route=%2Fwp%2Fv2%2Fproduct_brand&post=3399"},{"taxonomy":"product_cat","embeddable":true,"href":"https:\/\/etagro.com\/index.php?rest_route=%2Fwp%2Fv2%2Fproduct_cat&post=3399"},{"taxonomy":"product_tag","embeddable":true,"href":"https:\/\/etagro.com\/index.php?rest_route=%2Fwp%2Fv2%2Fproduct_tag&post=3399"}],"curies":[{"name":"wp","href":"https:\/\/api.w.org\/{rel}","templated":true}]}}