{"id":3306,"date":"2025-10-07T03:41:53","date_gmt":"2025-10-07T08:41:53","guid":{"rendered":"https:\/\/etagro.com\/new\/?post_type=product&#038;p=3306"},"modified":"2025-10-07T03:41:53","modified_gmt":"2025-10-07T08:41:53","slug":"fumigadora-de-espalda-f2525h","status":"publish","type":"product","link":"https:\/\/etagro.com\/?product=fumigadora-de-espalda-f2525h","title":{"rendered":"Fumigadora De Espalda F2525H"},"content":{"rendered":"<p>El dise\u00f1o OHC con correa de distribuci\u00f3n silenciosa, hacen este motor ligero y compacto con muy poco mantenimiento. El dise\u00f1o OHC combinado con un escape de gran capacidad reducen el ruido a un nivel bajo. Un simple pero novedoso sistema de lubricaci\u00f3n ga<\/p>\n<p>Fumigadora ideal para realizar trabajos de control de plagas y enfermedades en cultivos de hortalizas, papa, frutales y caf\u00e9, entre otros, as\u00ed como tambi\u00e9n labores de fertilizaci\u00f3n foliar. Recomendada para aplicaciones en arbustos de porte alto.<\/p>\n","protected":false},"excerpt":{"rendered":"<p>Enermax\u00a0<strong>Potenciado por:<\/strong>\u00a0Gasolina 4T\u00a0<strong>Cilindrada (cc):<\/strong>\u00a025\u00a0<strong>Capacidad tanque liquido (l):<\/strong>\u00a025\u00a0<strong>Presi\u00f3n m\u00e1xima (psi):<\/strong>\u00a0450\u00a0<strong>Caudal m\u00e1ximo (lpm):<\/strong>\u00a08<\/p>\n","protected":false},"featured_media":3307,"comment_status":"open","ping_status":"closed","template":"","meta":{"_joinchat":[]},"product_brand":[],"product_cat":[83],"product_tag":[],"class_list":{"0":"post-3306","1":"product","2":"type-product","3":"status-publish","4":"has-post-thumbnail","6":"product_cat-fumigadoras-de-espalda","8":"first","9":"instock","10":"taxable","11":"shipping-taxable","12":"purchasable","13":"product-type-simple"},"_links":{"self":[{"href":"https:\/\/etagro.com\/index.php?rest_route=\/wp\/v2\/product\/3306","targetHints":{"allow":["GET"]}}],"collection":[{"href":"https:\/\/etagro.com\/index.php?rest_route=\/wp\/v2\/product"}],"about":[{"href":"https:\/\/etagro.com\/index.php?rest_route=\/wp\/v2\/types\/product"}],"replies":[{"embeddable":true,"href":"https:\/\/etagro.com\/index.php?rest_route=%2Fwp%2Fv2%2Fcomments&post=3306"}],"wp:featuredmedia":[{"embeddable":true,"href":"https:\/\/etagro.com\/index.php?rest_route=\/wp\/v2\/media\/3307"}],"wp:attachment":[{"href":"https:\/\/etagro.com\/index.php?rest_route=%2Fwp%2Fv2%2Fmedia&parent=3306"}],"wp:term":[{"taxonomy":"product_brand","embeddable":true,"href":"https:\/\/etagro.com\/index.php?rest_route=%2Fwp%2Fv2%2Fproduct_brand&post=3306"},{"taxonomy":"product_cat","embeddable":true,"href":"https:\/\/etagro.com\/index.php?rest_route=%2Fwp%2Fv2%2Fproduct_cat&post=3306"},{"taxonomy":"product_tag","embeddable":true,"href":"https:\/\/etagro.com\/index.php?rest_route=%2Fwp%2Fv2%2Fproduct_tag&post=3306"}],"curies":[{"name":"wp","href":"https:\/\/api.w.org\/{rel}","templated":true}]}}