{"id":2283,"date":"2024-11-13T14:36:35","date_gmt":"2024-11-13T19:36:35","guid":{"rendered":"https:\/\/etagro.com\/?post_type=product&#038;p=2283"},"modified":"2024-11-25T23:18:45","modified_gmt":"2024-11-26T04:18:45","slug":"bomba-barnes-e0943","status":"publish","type":"product","link":"https:\/\/etagro.com\/?product=bomba-barnes-e0943","title":{"rendered":"Bomba BARNES E0943"},"content":{"rendered":"<p>Electrobomba Barnes Piscina 2-1\/4\u2033 x 2-1\/4\u2033, 1 Hp, E0943, de estructura Pl\u00e1stica Noryl y Motor el\u00e9ctrico, es una bomba centrifuga dise\u00f1ada especialmente para piscinas ya que viene con pre-filtro incorporado de grandes dimensiones que impide el paso de part\u00edculas en el flujo de agua, esto sumado a sus excelentes prestaciones hidr\u00e1ulicas otorga una gran capacidad de filtraci\u00f3n. Posee tapa transparente en policarbonato permitiendo mayor control del cesto pre-filtro y su adecuado y temprano mantenimiento. El motor de esta bomba de piscina se encuentra completamente cubierto y aislado lo que impide cualquier contacto accidental con el agua, ofreciendo mayor seguridad del equipo y el sistema de bombeo.<\/p>\n","protected":false},"excerpt":{"rendered":"<p><strong>Electrobomba Piscina Barnes 2-1\/4\u2033 x 2-1\/4\u2033, 1Hp 220V 1F<\/strong><br \/>\nCuerpo: Noryl<br \/>\nMotor: El\u00e9ctrico 220, 1F, 60Hz, 1Hp<br \/>\nBomba: Centr\u00edfuga Monobloque<br \/>\n(H) Altura M\u00e1x (mca)*: 12,5 mca<br \/>\n(Q) Caudal M\u00e1x (gpm)**: 105 gpm<br \/>\n\u00d8 de Succi\u00f3n: 2-1\/4\u2033<br \/>\n\u00d8 de Descarga: 2-1\/4\u2033<br \/>\nPeso: 9,7 Kg<br \/>\n* mca = metros columna de agua, H con la v\u00e1lvula total cerrada<br \/>\n** gpm= galones por minuto, Q con la v\u00e1lvula total abierta<\/p>\n","protected":false},"featured_media":2284,"comment_status":"open","ping_status":"closed","template":"","meta":{"_joinchat":[]},"product_brand":[],"product_cat":[91],"product_tag":[],"class_list":{"0":"post-2283","1":"product","2":"type-product","3":"status-publish","4":"has-post-thumbnail","6":"product_cat-bombas-para-piscina","8":"first","9":"instock","10":"taxable","11":"shipping-taxable","12":"purchasable","13":"product-type-simple"},"_links":{"self":[{"href":"https:\/\/etagro.com\/index.php?rest_route=\/wp\/v2\/product\/2283","targetHints":{"allow":["GET"]}}],"collection":[{"href":"https:\/\/etagro.com\/index.php?rest_route=\/wp\/v2\/product"}],"about":[{"href":"https:\/\/etagro.com\/index.php?rest_route=\/wp\/v2\/types\/product"}],"replies":[{"embeddable":true,"href":"https:\/\/etagro.com\/index.php?rest_route=%2Fwp%2Fv2%2Fcomments&post=2283"}],"wp:featuredmedia":[{"embeddable":true,"href":"https:\/\/etagro.com\/index.php?rest_route=\/wp\/v2\/media\/2284"}],"wp:attachment":[{"href":"https:\/\/etagro.com\/index.php?rest_route=%2Fwp%2Fv2%2Fmedia&parent=2283"}],"wp:term":[{"taxonomy":"product_brand","embeddable":true,"href":"https:\/\/etagro.com\/index.php?rest_route=%2Fwp%2Fv2%2Fproduct_brand&post=2283"},{"taxonomy":"product_cat","embeddable":true,"href":"https:\/\/etagro.com\/index.php?rest_route=%2Fwp%2Fv2%2Fproduct_cat&post=2283"},{"taxonomy":"product_tag","embeddable":true,"href":"https:\/\/etagro.com\/index.php?rest_route=%2Fwp%2Fv2%2Fproduct_tag&post=2283"}],"curies":[{"name":"wp","href":"https:\/\/api.w.org\/{rel}","templated":true}]}}