{"id":2242,"date":"2024-11-13T12:06:05","date_gmt":"2024-11-13T17:06:05","guid":{"rendered":"https:\/\/etagro.com\/?post_type=product&#038;p=2242"},"modified":"2025-01-30T17:38:38","modified_gmt":"2025-01-30T22:38:38","slug":"motobomba-pearl-cep-50c-16s","status":"publish","type":"product","link":"https:\/\/etagro.com\/?product=motobomba-pearl-cep-50c-16s","title":{"rendered":"Motobomba PEARL CEP-50C-16S"},"content":{"rendered":"<p>Caracter\u00edsticas de la bomba<br \/>\nCuerpo de bomba en hierro fundido<br \/>\nSoporte de bomba en hierro fundido<br \/>\nImpulsor centr\u00edfugo cerrado en bronce<br \/>\nEje en acero inoxidable AISI 304<br \/>\nM\u00e1xima temperatura del l\u00edquido: 60 \u00b0C<br \/>\nCapacidad de succi\u00f3n a nivel del mar: 8 m<br \/>\nSello mec\u00e1nico en cer\u00e1mica y grafito, con elast\u00f3mero en NBR<\/p>\n<p>Caracter\u00edsticas del motor<br \/>\nMotor de Inducci\u00f3n cerrado con bobinado en cobre<br \/>\nPotencia 5 Hp<br \/>\nAislamiento clase F<br \/>\nProtecci\u00f3n IPX4<br \/>\nTemperatura m\u00e1xima de ambiente: 40 \u00b0C<br \/>\nMonof\u00e1sico 220 V, 60 Hz, 3450 rpm. (unicamente disponible en 5.0 HP)<br \/>\nTrif\u00e1sico 220\/440 V, 60 Hz, 3450 rpm<br \/>\nDisponibles en versiones a 50 Hz<br \/>\nPotencias hasta 20 HP<\/p>\n<p>Aplicaciones<br \/>\nSe usan en el mercado residencial, industrial y agricultura<br \/>\nPerfectas para aplicaciones en las cuales se necesita incrementar la presi\u00f3n, sistemas de riego y transferencia de agua<br \/>\nAguas limpias<\/p>\n","protected":false},"excerpt":{"rendered":"<p><strong>Electrobomba Pearl | Centr\u00edfuga | 5.0 Hp | 220 vac | Hierro | Monof\u00e1sico | SxD 2\u2033 x 2\u2033 |45 MCA \/ 80 GPM | CEP 50C16S<\/strong><br \/>\nMarca : Pearl<br \/>\nEnerg\u00eda : El\u00e9ctrica Monof\u00e1sica<br \/>\nPotencia (HP) : Hasta 5Hp<br \/>\nPresi\u00f3n (MCA) : 31-50 mca<br \/>\nCaudal (GPM) : 11-20 gpm<br \/>\nMaterial de Fabricaci\u00f3n : Hierro<br \/>\nLiquido Fluido : Agua limpia<\/p>\n","protected":false},"featured_media":2243,"comment_status":"open","ping_status":"closed","template":"","meta":{"_joinchat":[]},"product_brand":[],"product_cat":[89],"product_tag":[],"class_list":{"0":"post-2242","1":"product","2":"type-product","3":"status-publish","4":"has-post-thumbnail","6":"product_cat-electricas","8":"first","9":"instock","10":"taxable","11":"shipping-taxable","12":"purchasable","13":"product-type-simple"},"_links":{"self":[{"href":"https:\/\/etagro.com\/index.php?rest_route=\/wp\/v2\/product\/2242","targetHints":{"allow":["GET"]}}],"collection":[{"href":"https:\/\/etagro.com\/index.php?rest_route=\/wp\/v2\/product"}],"about":[{"href":"https:\/\/etagro.com\/index.php?rest_route=\/wp\/v2\/types\/product"}],"replies":[{"embeddable":true,"href":"https:\/\/etagro.com\/index.php?rest_route=%2Fwp%2Fv2%2Fcomments&post=2242"}],"wp:featuredmedia":[{"embeddable":true,"href":"https:\/\/etagro.com\/index.php?rest_route=\/wp\/v2\/media\/2243"}],"wp:attachment":[{"href":"https:\/\/etagro.com\/index.php?rest_route=%2Fwp%2Fv2%2Fmedia&parent=2242"}],"wp:term":[{"taxonomy":"product_brand","embeddable":true,"href":"https:\/\/etagro.com\/index.php?rest_route=%2Fwp%2Fv2%2Fproduct_brand&post=2242"},{"taxonomy":"product_cat","embeddable":true,"href":"https:\/\/etagro.com\/index.php?rest_route=%2Fwp%2Fv2%2Fproduct_cat&post=2242"},{"taxonomy":"product_tag","embeddable":true,"href":"https:\/\/etagro.com\/index.php?rest_route=%2Fwp%2Fv2%2Fproduct_tag&post=2242"}],"curies":[{"name":"wp","href":"https:\/\/api.w.org\/{rel}","templated":true}]}}