{"id":2144,"date":"2024-11-06T17:37:24","date_gmt":"2024-11-06T22:37:24","guid":{"rendered":"https:\/\/etagro.com\/?post_type=product&#038;p=2144"},"modified":"2025-10-23T13:03:10","modified_gmt":"2025-10-23T18:03:10","slug":"picadora-de-residuos-penagos-pr-3","status":"publish","type":"product","link":"https:\/\/etagro.com\/?product=picadora-de-residuos-penagos-pr-3","title":{"rendered":"Picadora de residuos PENAGOS PR-3"},"content":{"rendered":"<p>El PR-3 de Penagos esta dise\u00f1ado para transformar los residuos en abono org\u00e1nico y disminuir el volumen del material. Es un equipo eficiente, compacto e ideal para uso dom\u00e9stico, jardiner\u00eda en conjuntos residenciales, huertas o fincas de baja producci\u00f3n.<\/p>\n<p>\u2022 Ideal para picado de restos vegetales, frutas, alimentos, residuos de jardiner\u00eda y ramas peque\u00f1as blandas.<\/p>\n<p>\u2022 Pica residuos de zanahoria, papa, trozos de yuca y otros tub\u00e9rculos; pedazos peque\u00f1os de mazorca, frutas de tama\u00f1o reducido y dem\u00e1s materiales similares sin superar 5\u201d de di\u00e1metro.<\/p>\n","protected":false},"excerpt":{"rendered":"<p>El PR-3 de Penagos esta dise\u00f1ado para transformar los residuos en abono org\u00e1nico y disminuir el volumen del material. Es un equipo eficiente, compacto e ideal para uso dom\u00e9stico, jardiner\u00eda en conjuntos residenciales, huertas o fincas de baja producci\u00f3n.<\/p>\n","protected":false},"featured_media":2145,"comment_status":"open","ping_status":"closed","template":"","meta":{"_joinchat":[]},"product_brand":[],"product_cat":[111,76],"product_tag":[],"class_list":{"0":"post-2144","1":"product","2":"type-product","3":"status-publish","4":"has-post-thumbnail","6":"product_cat-picapasto","7":"product_cat-picadoras-residuos-poda","9":"first","10":"instock","11":"taxable","12":"shipping-taxable","13":"purchasable","14":"product-type-simple"},"_links":{"self":[{"href":"https:\/\/etagro.com\/index.php?rest_route=\/wp\/v2\/product\/2144","targetHints":{"allow":["GET"]}}],"collection":[{"href":"https:\/\/etagro.com\/index.php?rest_route=\/wp\/v2\/product"}],"about":[{"href":"https:\/\/etagro.com\/index.php?rest_route=\/wp\/v2\/types\/product"}],"replies":[{"embeddable":true,"href":"https:\/\/etagro.com\/index.php?rest_route=%2Fwp%2Fv2%2Fcomments&post=2144"}],"wp:featuredmedia":[{"embeddable":true,"href":"https:\/\/etagro.com\/index.php?rest_route=\/wp\/v2\/media\/2145"}],"wp:attachment":[{"href":"https:\/\/etagro.com\/index.php?rest_route=%2Fwp%2Fv2%2Fmedia&parent=2144"}],"wp:term":[{"taxonomy":"product_brand","embeddable":true,"href":"https:\/\/etagro.com\/index.php?rest_route=%2Fwp%2Fv2%2Fproduct_brand&post=2144"},{"taxonomy":"product_cat","embeddable":true,"href":"https:\/\/etagro.com\/index.php?rest_route=%2Fwp%2Fv2%2Fproduct_cat&post=2144"},{"taxonomy":"product_tag","embeddable":true,"href":"https:\/\/etagro.com\/index.php?rest_route=%2Fwp%2Fv2%2Fproduct_tag&post=2144"}],"curies":[{"name":"wp","href":"https:\/\/api.w.org\/{rel}","templated":true}]}}