{"id":2046,"date":"2023-07-05T15:13:07","date_gmt":"2023-07-05T20:13:07","guid":{"rendered":"https:\/\/etagro.com\/?post_type=product&#038;p=2046"},"modified":"2025-10-23T13:02:51","modified_gmt":"2025-10-23T18:02:51","slug":"picapasto-pp-300r","status":"publish","type":"product","link":"https:\/\/etagro.com\/?product=picapasto-pp-300r","title":{"rendered":"Picapasto PENAGOS PP-300R"},"content":{"rendered":"<p>Nuestros modelos tradicionales son amigables con el medio ambiente y despulpan el caf\u00e9 cereza maduro con la mejor eficiencia.<br \/>\nLas despulpadoras 3 1\/2 Penagos son m\u00e1quinas cuyos componentes principales como son, costados, pechero, cilindro volante y pi\u00f1ones del alimentador, son fabricadas en hierro gris, esta fundici\u00f3n hace que las despulpadoras sean muy resistentes a las condiciones ambientales y tengan una larga vida \u00fatil. Sus componentes son fabricados en equipos de \u00faltima generaci\u00f3n logrando ajustes precisos y garantizando un recambio de repuestos que facilita el mantenimiento de la m\u00e1quina.<\/p>\n","protected":false},"excerpt":{"rendered":"<p>-M\u00e1ximo rendimiento por su alta eficiencia de despulpe.<br \/>\n-Despulpan sin usar agua.<br \/>\n-F\u00e1cil calibraci\u00f3n, mantenimiento y operaci\u00f3n.<br \/>\n-Posibilidad de operar de forma manual o con motor.<br \/>\n-Pintura con mayor durabilidad para exposici\u00f3n en ambientes corrosivos.<\/p>\n<p>Picapasto 300, protector de correas y poleas, 2 cuchillas. Incluye base para motor<br \/>\nel\u00e9ctrico, di\u00e9sel o gasolina.<\/p>\n","protected":false},"featured_media":2047,"comment_status":"open","ping_status":"closed","template":"","meta":{"_joinchat":[]},"product_brand":[],"product_cat":[111],"product_tag":[],"class_list":{"0":"post-2046","1":"product","2":"type-product","3":"status-publish","4":"has-post-thumbnail","6":"product_cat-picapasto","8":"first","9":"instock","10":"taxable","11":"shipping-taxable","12":"purchasable","13":"product-type-simple"},"_links":{"self":[{"href":"https:\/\/etagro.com\/index.php?rest_route=\/wp\/v2\/product\/2046","targetHints":{"allow":["GET"]}}],"collection":[{"href":"https:\/\/etagro.com\/index.php?rest_route=\/wp\/v2\/product"}],"about":[{"href":"https:\/\/etagro.com\/index.php?rest_route=\/wp\/v2\/types\/product"}],"replies":[{"embeddable":true,"href":"https:\/\/etagro.com\/index.php?rest_route=%2Fwp%2Fv2%2Fcomments&post=2046"}],"wp:featuredmedia":[{"embeddable":true,"href":"https:\/\/etagro.com\/index.php?rest_route=\/wp\/v2\/media\/2047"}],"wp:attachment":[{"href":"https:\/\/etagro.com\/index.php?rest_route=%2Fwp%2Fv2%2Fmedia&parent=2046"}],"wp:term":[{"taxonomy":"product_brand","embeddable":true,"href":"https:\/\/etagro.com\/index.php?rest_route=%2Fwp%2Fv2%2Fproduct_brand&post=2046"},{"taxonomy":"product_cat","embeddable":true,"href":"https:\/\/etagro.com\/index.php?rest_route=%2Fwp%2Fv2%2Fproduct_cat&post=2046"},{"taxonomy":"product_tag","embeddable":true,"href":"https:\/\/etagro.com\/index.php?rest_route=%2Fwp%2Fv2%2Fproduct_tag&post=2046"}],"curies":[{"name":"wp","href":"https:\/\/api.w.org\/{rel}","templated":true}]}}