{"id":1581,"date":"2022-01-12T23:49:01","date_gmt":"2022-01-13T04:49:01","guid":{"rendered":"https:\/\/etagro.com\/?post_type=product&#038;p=1581"},"modified":"2025-10-22T01:43:48","modified_gmt":"2025-10-22T06:43:48","slug":"motosierra-stiga-sp-526","status":"publish","type":"product","link":"https:\/\/etagro.com\/?product=motosierra-stiga-sp-526","title":{"rendered":"Motosierra STIGA \/ SAETA SP 526"},"content":{"rendered":"<p><span class=\"m_7060292474615507754ellipsis\">La fiable motosierra STIGA SP 526 tiene una excelente relaci\u00f3n peso-potencia , 5\u00b43 kg. ( sin sable ni cadena ) y\u00a0 3 cv. de potencia. y es un modelo adecuado tanto para labores dom\u00e9sticas como de silvicultura.<\/span><u><\/u><u><\/u><\/p>\n<p><span class=\"m_7060292474615507754ellipsis\">\u00a0El motor de gasolina de 52 cc de la SP 526 incorpora una cubierta de magnesio, que garantiza resistencia, fiabilidad y un enfriado r\u00e1pido. La v\u00e1lvula de descompresi\u00f3n permite un f\u00e1cil arranque, mientras que la bomba de aceite es autom\u00e1tica y regulable.<\/span><u><\/u><u><\/u><\/p>\n<p><span class=\"m_7060292474615507754ellipsis\">El equipo de corte de la motosierra SP 526 se compone de una sable de 45 cm. con cadena de paso 325\u2033 1,5 que permite al usuario cortar maderas m\u00e1s duras como la carrasca o la almendrera , que con los modelos que equipan cadena de paso 3\/8\u2033 bajo perfil . Opcionalmente , se puede montar una cadena con diente de titanio que incrementa la duraci\u00f3n del filo de la misma . La velocidad de la cadena es de 23,1 m\/s.<\/span><u><\/u><u><\/u><\/p>\n<p><span class=\"m_7060292474615507754ellipsis\">Las operaciones de mantenimiento de la SP 526 se realizan de una manera f\u00e1cil y r\u00e1pida gracias a una serie de prestaciones, como son el acceso al\u00a0<\/span><span class=\"m_7060292474615507754secsec\">\u00a0filtro de aire sin necesidad de herramientas , la ubicaci\u00f3n de la llave de tensado de la cadena bajo el mango trasero y la mirilla de control del nivel del dep\u00f3sito de combustible. El mango ergon\u00f3mico de tacto suave y el sistema de control de vibraciones mediante resortes ( VCS ) garantizan una mayor comodidad de manejo.<\/span><\/p>\n","protected":false},"excerpt":{"rendered":"<p style=\"font-weight: 400;\">Ficha T\u00e9cnica<\/p>\n<table style=\"font-weight: 400;\" width=\"652\">\n<tbody>\n<tr>\n<td><strong>Motor :<\/strong><\/td>\n<td><strong>Gasolina 2 tiempos<\/strong><\/td>\n<\/tr>\n<tr>\n<td>Potencia kW\/CV :<\/td>\n<td>2,3\/3,0<\/td>\n<\/tr>\n<tr>\n<td>Cilindrada cm\u00b3 \/RPM :<\/td>\n<td>52 \/ 12.500<\/td>\n<\/tr>\n<tr>\n<td>Peso sin sable ni cadena :<\/td>\n<td>5,3 Kg.<\/td>\n<\/tr>\n<tr>\n<td>Equipo de corte:<\/td>\n<td>45 cm. 325&#8243; 1,5<\/td>\n<\/tr>\n<\/tbody>\n<\/table>\n","protected":false},"featured_media":1582,"comment_status":"open","ping_status":"closed","template":"","meta":{"_joinchat":[]},"product_brand":[],"product_cat":[130,63,29,121],"product_tag":[],"class_list":{"0":"post-1581","1":"product","2":"type-product","3":"status-publish","4":"has-post-thumbnail","6":"product_cat-motosierra-saeta","7":"product_cat-motosierras","8":"product_cat-saeta","9":"product_cat-stiga","11":"first","12":"instock","13":"taxable","14":"shipping-taxable","15":"purchasable","16":"product-type-simple"},"_links":{"self":[{"href":"https:\/\/etagro.com\/index.php?rest_route=\/wp\/v2\/product\/1581","targetHints":{"allow":["GET"]}}],"collection":[{"href":"https:\/\/etagro.com\/index.php?rest_route=\/wp\/v2\/product"}],"about":[{"href":"https:\/\/etagro.com\/index.php?rest_route=\/wp\/v2\/types\/product"}],"replies":[{"embeddable":true,"href":"https:\/\/etagro.com\/index.php?rest_route=%2Fwp%2Fv2%2Fcomments&post=1581"}],"wp:featuredmedia":[{"embeddable":true,"href":"https:\/\/etagro.com\/index.php?rest_route=\/wp\/v2\/media\/1582"}],"wp:attachment":[{"href":"https:\/\/etagro.com\/index.php?rest_route=%2Fwp%2Fv2%2Fmedia&parent=1581"}],"wp:term":[{"taxonomy":"product_brand","embeddable":true,"href":"https:\/\/etagro.com\/index.php?rest_route=%2Fwp%2Fv2%2Fproduct_brand&post=1581"},{"taxonomy":"product_cat","embeddable":true,"href":"https:\/\/etagro.com\/index.php?rest_route=%2Fwp%2Fv2%2Fproduct_cat&post=1581"},{"taxonomy":"product_tag","embeddable":true,"href":"https:\/\/etagro.com\/index.php?rest_route=%2Fwp%2Fv2%2Fproduct_tag&post=1581"}],"curies":[{"name":"wp","href":"https:\/\/api.w.org\/{rel}","templated":true}]}}