{"id":3244,"date":"2025-10-04T02:07:42","date_gmt":"2025-10-04T07:07:42","guid":{"rendered":"https:\/\/etagro.com\/new\/?page_id=3244"},"modified":"2025-11-13T18:51:14","modified_gmt":"2025-11-13T23:51:14","slug":"repuestos","status":"publish","type":"page","link":"https:\/\/etagro.com\/?page_id=3244","title":{"rendered":"Repuestos"},"content":{"rendered":"\t\t<div data-elementor-type=\"wp-page\" data-elementor-id=\"3244\" class=\"elementor elementor-3244\" data-elementor-post-type=\"page\">\n\t\t\t\t\t\t<section class=\"elementor-section elementor-top-section elementor-element elementor-element-9de6ab0 elementor-section-boxed elementor-section-height-default elementor-section-height-default\" data-id=\"9de6ab0\" data-element_type=\"section\" data-e-type=\"section\">\n\t\t\t\t\t\t<div class=\"elementor-container elementor-column-gap-default\">\n\t\t\t\t\t<div class=\"elementor-column elementor-col-100 elementor-top-column elementor-element elementor-element-5b946e1\" data-id=\"5b946e1\" data-element_type=\"column\" data-e-type=\"column\">\n\t\t\t<div class=\"elementor-widget-wrap elementor-element-populated\">\n\t\t\t\t\t\t<div class=\"elementor-element elementor-element-a30a7c6 elementor-widget elementor-widget-heading\" data-id=\"a30a7c6\" data-element_type=\"widget\" data-e-type=\"widget\" data-widget_type=\"heading.default\">\n\t\t\t\t<div class=\"elementor-widget-container\">\n\t\t\t\t\t<h2 class=\"elementor-heading-title elementor-size-default\">Soluciones completas en maquinaria y repuestos para el campo.<\/h2>\t\t\t\t<\/div>\n\t\t\t\t<\/div>\n\t\t\t\t<div class=\"elementor-element elementor-element-4e4b231 elementor-widget elementor-widget-gallery\" data-id=\"4e4b231\" data-element_type=\"widget\" data-e-type=\"widget\" data-settings=\"{&quot;columns&quot;:7,&quot;gap&quot;:{&quot;unit&quot;:&quot;px&quot;,&quot;size&quot;:20,&quot;sizes&quot;:[]},&quot;aspect_ratio&quot;:&quot;21:9&quot;,&quot;lazyload&quot;:&quot;yes&quot;,&quot;gallery_layout&quot;:&quot;grid&quot;,&quot;columns_tablet&quot;:2,&quot;columns_mobile&quot;:1,&quot;gap_tablet&quot;:{&quot;unit&quot;:&quot;px&quot;,&quot;size&quot;:10,&quot;sizes&quot;:[]},&quot;gap_mobile&quot;:{&quot;unit&quot;:&quot;px&quot;,&quot;size&quot;:10,&quot;sizes&quot;:[]},&quot;overlay_background&quot;:&quot;yes&quot;,&quot;content_hover_animation&quot;:&quot;fade-in&quot;}\" data-widget_type=\"gallery.default\">\n\t\t\t\t<div class=\"elementor-widget-container\">\n\t\t\t\t\t\t\t<div class=\"elementor-gallery__container\">\n\t\t\t\t\t\t\t<div class=\"e-gallery-item elementor-gallery-item elementor-animated-content\">\n\t\t\t\t\t<div class=\"e-gallery-image elementor-gallery-item__image\" data-thumbnail=\"https:\/\/etagro.com\/wp-content\/uploads\/2021\/02\/logoSAETA-e1613265053187.png\" data-width=\"290\" data-height=\"121\" aria-label=\"\" role=\"img\" ><\/div>\n\t\t\t\t\t\t\t\t\t\t\t<div class=\"elementor-gallery-item__overlay\"><\/div>\n\t\t\t\t\t\t\t\t\t\t\t\t\t\t<\/div>\n\t\t\t\t\t\t\t<div class=\"e-gallery-item elementor-gallery-item elementor-animated-content\">\n\t\t\t\t\t<div class=\"e-gallery-image elementor-gallery-item__image\" data-thumbnail=\"https:\/\/etagro.com\/wp-content\/uploads\/2025\/10\/logo-2.png\" data-width=\"500\" data-height=\"215\" aria-label=\"\" role=\"img\" ><\/div>\n\t\t\t\t\t\t\t\t\t\t\t<div class=\"elementor-gallery-item__overlay\"><\/div>\n\t\t\t\t\t\t\t\t\t\t\t\t\t\t<\/div>\n\t\t\t\t\t\t\t<div class=\"e-gallery-item elementor-gallery-item elementor-animated-content\">\n\t\t\t\t\t<div class=\"e-gallery-image elementor-gallery-item__image\" data-thumbnail=\"https:\/\/etagro.com\/wp-content\/uploads\/2025\/10\/MARUYAMA-copia.jpg\" data-width=\"951\" data-height=\"489\" aria-label=\"\" role=\"img\" ><\/div>\n\t\t\t\t\t\t\t\t\t\t\t<div class=\"elementor-gallery-item__overlay\"><\/div>\n\t\t\t\t\t\t\t\t\t\t\t\t\t\t<\/div>\n\t\t\t\t\t\t\t<div class=\"e-gallery-item elementor-gallery-item elementor-animated-content\">\n\t\t\t\t\t<div class=\"e-gallery-image elementor-gallery-item__image\" data-thumbnail=\"https:\/\/etagro.com\/wp-content\/uploads\/2025\/10\/Captura-de-pantalla-2025-10-04-023548-e1759563800379.png\" data-width=\"179\" data-height=\"88\" aria-label=\"\" role=\"img\" ><\/div>\n\t\t\t\t\t\t\t\t\t\t\t<div class=\"elementor-gallery-item__overlay\"><\/div>\n\t\t\t\t\t\t\t\t\t\t\t\t\t\t<\/div>\n\t\t\t\t\t\t\t<div class=\"e-gallery-item elementor-gallery-item elementor-animated-content\">\n\t\t\t\t\t<div class=\"e-gallery-image elementor-gallery-item__image\" data-thumbnail=\"https:\/\/etagro.com\/wp-content\/uploads\/2025\/10\/f02fdfcdd6d864f369bdf9c0861e160d.jpg\" data-width=\"620\" data-height=\"349\" aria-label=\"\" role=\"img\" ><\/div>\n\t\t\t\t\t\t\t\t\t\t\t<div class=\"elementor-gallery-item__overlay\"><\/div>\n\t\t\t\t\t\t\t\t\t\t\t\t\t\t<\/div>\n\t\t\t\t\t\t\t<div class=\"e-gallery-item elementor-gallery-item elementor-animated-content\">\n\t\t\t\t\t<div class=\"e-gallery-image elementor-gallery-item__image\" data-thumbnail=\"https:\/\/etagro.com\/wp-content\/uploads\/2025\/10\/Stihl_Logo_WhiteOnOrange.svg_.png\" data-width=\"1200\" data-height=\"596\" aria-label=\"\" role=\"img\" ><\/div>\n\t\t\t\t\t\t\t\t\t\t\t<div class=\"elementor-gallery-item__overlay\"><\/div>\n\t\t\t\t\t\t\t\t\t\t\t\t\t\t<\/div>\n\t\t\t\t\t\t\t<div class=\"e-gallery-item elementor-gallery-item elementor-animated-content\">\n\t\t\t\t\t<div class=\"e-gallery-image elementor-gallery-item__image\" data-thumbnail=\"https:\/\/etagro.com\/wp-content\/uploads\/2025\/10\/Barnes-nk4i8tg9r5u0kvqcxp1isvoxnprx8fos4tv9xygcs0.jpg\" data-width=\"280\" data-height=\"120\" aria-label=\"\" role=\"img\" ><\/div>\n\t\t\t\t\t\t\t\t\t\t\t<div class=\"elementor-gallery-item__overlay\"><\/div>\n\t\t\t\t\t\t\t\t\t\t\t\t\t\t<\/div>\n\t\t\t\t\t<\/div>\n\t\t\t\t\t<\/div>\n\t\t\t\t<\/div>\n\t\t\t\t<div class=\"elementor-element elementor-element-4b9cd36 elementor-widget elementor-widget-text-editor\" data-id=\"4b9cd36\" data-element_type=\"widget\" data-e-type=\"widget\" data-widget_type=\"text-editor.default\">\n\t\t\t\t<div class=\"elementor-widget-container\">\n\t\t\t\t\t\t\t\t\t<p>En etagro no solo ofrecemos maquinaria tambi\u00e9n contamos con una amplia gama de repuestos para marcas como: SAETA, PENAGOS, MARUYAMA, PEARL, HONDA, STIHL, BARNES.<\/p>\t\t\t\t\t\t\t\t<\/div>\n\t\t\t\t<\/div>\n\t\t\t\t<div class=\"elementor-element elementor-element-4a6360e elementor-widget elementor-widget-text-editor\" data-id=\"4a6360e\" data-element_type=\"widget\" data-e-type=\"widget\" data-widget_type=\"text-editor.default\">\n\t\t\t\t<div class=\"elementor-widget-container\">\n\t\t\t\t\t\t\t\t\t<p>Encuentra la l\u00ednea completa de <strong data-start=\"205\" data-end=\"235\">repuestos<\/strong><\/p>\n<p>Celular de repuestos: 311 355 1118<\/p>\t\t\t\t\t\t\t\t<\/div>\n\t\t\t\t<\/div>\n\t\t\t\t<div class=\"elementor-element elementor-element-b4801a1 elementor-widget-divider--view-line elementor-widget elementor-widget-divider\" data-id=\"b4801a1\" data-element_type=\"widget\" data-e-type=\"widget\" data-widget_type=\"divider.default\">\n\t\t\t\t<div class=\"elementor-widget-container\">\n\t\t\t\t\t\t\t<div class=\"elementor-divider\">\n\t\t\t<span class=\"elementor-divider-separator\">\n\t\t\t\t\t\t<\/span>\n\t\t<\/div>\n\t\t\t\t\t\t<\/div>\n\t\t\t\t<\/div>\n\t\t\t\t\t<\/div>\n\t\t<\/div>\n\t\t\t\t\t<\/div>\n\t\t<\/section>\n\t\t\t\t<section class=\"elementor-section elementor-top-section elementor-element elementor-element-3fb2667 elementor-section-boxed elementor-section-height-default elementor-section-height-default\" data-id=\"3fb2667\" data-element_type=\"section\" data-e-type=\"section\">\n\t\t\t\t\t\t<div class=\"elementor-container elementor-column-gap-default\">\n\t\t\t\t\t<div class=\"elementor-column elementor-col-100 elementor-top-column elementor-element elementor-element-1873000\" data-id=\"1873000\" data-element_type=\"column\" data-e-type=\"column\">\n\t\t\t<div class=\"elementor-widget-wrap elementor-element-populated\">\n\t\t\t\t\t\t<section class=\"elementor-section elementor-inner-section elementor-element elementor-element-5ab2762 elementor-section-boxed elementor-section-height-default elementor-section-height-default\" data-id=\"5ab2762\" data-element_type=\"section\" data-e-type=\"section\">\n\t\t\t\t\t\t<div class=\"elementor-container elementor-column-gap-default\">\n\t\t\t\t\t<div class=\"elementor-column elementor-col-50 elementor-inner-column elementor-element elementor-element-4733449\" data-id=\"4733449\" data-element_type=\"column\" data-e-type=\"column\">\n\t\t\t<div class=\"elementor-widget-wrap elementor-element-populated\">\n\t\t\t\t\t\t<div class=\"elementor-element elementor-element-aaa593b elementor-widget elementor-widget-text-editor\" data-id=\"aaa593b\" data-element_type=\"widget\" data-e-type=\"widget\" data-widget_type=\"text-editor.default\">\n\t\t\t\t<div class=\"elementor-widget-container\">\n\t\t\t\t\t\t\t\t\t<p><font color=\"#444444\"><span style=\"font-size: 22px; -webkit-text-stroke-color: rgb(0, 0, 0);\"><b>Repuestos y servicio t\u00e9cnico que te mantienen en marcha<\/b><\/span><\/font><\/p><p><span style=\"font-size: 17px; color: rgb(39, 38, 38);\">El rendimiento de tu maquinaria depende del cuidado que recibe, y en eso somos expertos.<\/span><\/p>\n<p><font color=\"#272626\"><span style=\"font-size: 17px;\">Contamos con un departamento de repuestos completo, con piezas originales y personal capacitado para ayudarte a mantener tus equipos siempre listos para el trabajo.<\/span><\/font><\/p>\n<p><font color=\"#272626\"><span style=\"font-size: 17px;\">Ya sea para mantenimiento preventivo o reparaci\u00f3n, en ETAGRO encuentras respaldo, agilidad y compromiso.<\/span><\/font><\/p>\n<p><font color=\"#272626\"><span style=\"font-size: 17px;\"><b>Porque cuando tu m\u00e1quina funciona bien, el campo tambi\u00e9n avanza.<\/b><\/span><\/font><\/p>\t\t\t\t\t\t\t\t<\/div>\n\t\t\t\t<\/div>\n\t\t\t\t\t<\/div>\n\t\t<\/div>\n\t\t\t\t<div class=\"elementor-column elementor-col-50 elementor-inner-column elementor-element elementor-element-421dbac\" data-id=\"421dbac\" data-element_type=\"column\" data-e-type=\"column\">\n\t\t\t<div class=\"elementor-widget-wrap elementor-element-populated\">\n\t\t\t\t\t\t<div class=\"elementor-element elementor-element-8c119e4 elementor-widget__width-initial elementor-widget elementor-widget-image\" data-id=\"8c119e4\" data-element_type=\"widget\" data-e-type=\"widget\" data-widget_type=\"image.default\">\n\t\t\t\t<div class=\"elementor-widget-container\">\n\t\t\t\t\t\t\t\t\t\t\t\t\t\t\t<img fetchpriority=\"high\" decoding=\"async\" width=\"800\" height=\"800\" src=\"https:\/\/etagro.com\/wp-content\/uploads\/2025\/11\/WhatsApp-Image-2025-11-13-at-11.25.38-AM.jpeg\" class=\"attachment-large size-large wp-image-4501\" alt=\"\" srcset=\"https:\/\/etagro.com\/wp-content\/uploads\/2025\/11\/WhatsApp-Image-2025-11-13-at-11.25.38-AM.jpeg 1000w, https:\/\/etagro.com\/wp-content\/uploads\/2025\/11\/WhatsApp-Image-2025-11-13-at-11.25.38-AM-300x300.jpeg 300w, https:\/\/etagro.com\/wp-content\/uploads\/2025\/11\/WhatsApp-Image-2025-11-13-at-11.25.38-AM-150x150.jpeg 150w, https:\/\/etagro.com\/wp-content\/uploads\/2025\/11\/WhatsApp-Image-2025-11-13-at-11.25.38-AM-768x768.jpeg 768w, https:\/\/etagro.com\/wp-content\/uploads\/2025\/11\/WhatsApp-Image-2025-11-13-at-11.25.38-AM-100x100.jpeg 100w\" sizes=\"(max-width: 800px) 100vw, 800px\" \/>\t\t\t\t\t\t\t\t\t\t\t\t\t\t\t<\/div>\n\t\t\t\t<\/div>\n\t\t\t\t\t<\/div>\n\t\t<\/div>\n\t\t\t\t\t<\/div>\n\t\t<\/section>\n\t\t\t\t\t<\/div>\n\t\t<\/div>\n\t\t\t\t\t<\/div>\n\t\t<\/section>\n\t\t\t\t<section class=\"elementor-section elementor-top-section elementor-element elementor-element-100741c elementor-section-boxed elementor-section-height-default elementor-section-height-default\" data-id=\"100741c\" data-element_type=\"section\" data-e-type=\"section\">\n\t\t\t\t\t\t<div class=\"elementor-container elementor-column-gap-default\">\n\t\t\t\t\t<div class=\"elementor-column elementor-col-100 elementor-top-column elementor-element elementor-element-79e9603\" data-id=\"79e9603\" data-element_type=\"column\" data-e-type=\"column\">\n\t\t\t<div class=\"elementor-widget-wrap elementor-element-populated\">\n\t\t\t\t\t\t<div class=\"elementor-element elementor-element-05bf853 elementor-widget-divider--view-line elementor-widget elementor-widget-divider\" data-id=\"05bf853\" data-element_type=\"widget\" data-e-type=\"widget\" data-widget_type=\"divider.default\">\n\t\t\t\t<div class=\"elementor-widget-container\">\n\t\t\t\t\t\t\t<div class=\"elementor-divider\">\n\t\t\t<span class=\"elementor-divider-separator\">\n\t\t\t\t\t\t<\/span>\n\t\t<\/div>\n\t\t\t\t\t\t<\/div>\n\t\t\t\t<\/div>\n\t\t\t\t<section class=\"elementor-section elementor-inner-section elementor-element elementor-element-768bbac elementor-section-boxed elementor-section-height-default elementor-section-height-default\" data-id=\"768bbac\" data-element_type=\"section\" data-e-type=\"section\">\n\t\t\t\t\t\t<div class=\"elementor-container elementor-column-gap-default\">\n\t\t\t\t\t<div class=\"elementor-column elementor-col-50 elementor-inner-column elementor-element elementor-element-b7312ef\" data-id=\"b7312ef\" data-element_type=\"column\" data-e-type=\"column\">\n\t\t\t<div class=\"elementor-widget-wrap elementor-element-populated\">\n\t\t\t\t\t\t<div class=\"elementor-element elementor-element-2ffd9b9 elementor-widget elementor-widget-image\" data-id=\"2ffd9b9\" data-element_type=\"widget\" data-e-type=\"widget\" data-widget_type=\"image.default\">\n\t\t\t\t<div class=\"elementor-widget-container\">\n\t\t\t\t\t\t\t\t\t\t\t\t\t\t\t<img decoding=\"async\" width=\"800\" height=\"450\" src=\"https:\/\/etagro.com\/wp-content\/uploads\/2025\/11\/WhatsApp-Image-2025-11-13-at-11.25.37-AM-1024x576.jpeg\" class=\"attachment-large size-large wp-image-4499\" alt=\"\" srcset=\"https:\/\/etagro.com\/wp-content\/uploads\/2025\/11\/WhatsApp-Image-2025-11-13-at-11.25.37-AM-1024x576.jpeg 1024w, https:\/\/etagro.com\/wp-content\/uploads\/2025\/11\/WhatsApp-Image-2025-11-13-at-11.25.37-AM-300x169.jpeg 300w, https:\/\/etagro.com\/wp-content\/uploads\/2025\/11\/WhatsApp-Image-2025-11-13-at-11.25.37-AM-768x432.jpeg 768w, https:\/\/etagro.com\/wp-content\/uploads\/2025\/11\/WhatsApp-Image-2025-11-13-at-11.25.37-AM-1536x864.jpeg 1536w, https:\/\/etagro.com\/wp-content\/uploads\/2025\/11\/WhatsApp-Image-2025-11-13-at-11.25.37-AM.jpeg 1600w\" sizes=\"(max-width: 800px) 100vw, 800px\" \/>\t\t\t\t\t\t\t\t\t\t\t\t\t\t\t<\/div>\n\t\t\t\t<\/div>\n\t\t\t\t\t<\/div>\n\t\t<\/div>\n\t\t\t\t<div class=\"elementor-column elementor-col-50 elementor-inner-column elementor-element elementor-element-116989d\" data-id=\"116989d\" data-element_type=\"column\" data-e-type=\"column\">\n\t\t\t<div class=\"elementor-widget-wrap elementor-element-populated\">\n\t\t\t\t\t\t<div class=\"elementor-element elementor-element-802fc22 elementor-widget elementor-widget-text-editor\" data-id=\"802fc22\" data-element_type=\"widget\" data-e-type=\"widget\" data-widget_type=\"text-editor.default\">\n\t\t\t\t<div class=\"elementor-widget-container\">\n\t\t\t\t\t\t\t\t\t<div><div><div><div><div><div><div><div><p><span style=\"color: #444444; font-family: Roboto, sans-serif;\"><span style=\"font-size: 22px; -webkit-text-stroke-color: #000000;\"><b>Comprometidos con el productor y su maquinaria<\/b><\/span><\/span><\/p><p style=\"font-family: Roboto, sans-serif;\"><span style=\"color: #272626; font-size: 17px;\">Nacimos con una misi\u00f3n clara: apoyar a quienes trabajan la tierra con esfuerzo y pasi\u00f3n.<\/span><\/p><p><span style=\"color: #272626; font-family: Roboto, sans-serif;\"><span style=\"font-size: 17px;\">Por eso, en ETAGRO nos especializamos en soluciones integrales para el agro, combinando equipos de alto rendimiento con un servicio postventa que realmente acompa\u00f1a.<\/span><\/span><\/p><p><span style=\"color: #272626; font-family: Roboto, sans-serif;\"><span style=\"font-size: 17px;\">Nuestro departamento de repuestos asegura la disponibilidad de piezas originales y asesor\u00eda t\u00e9cnica, porque sabemos que el campo no puede detenerse.<\/span><\/span><\/p><p><b><span style=\"color: #272626; font-family: Roboto, sans-serif;\"><span style=\"font-size: 17px;\">Cada cliente es un aliado, y cada equipo, una promesa cumplida<\/span><\/span><span style=\"font-family: Montserrat, sans-serif;\">\u00a0<\/span><\/b><\/p><\/div><\/div><\/div><\/div><\/div><\/div><\/div><\/div>\t\t\t\t\t\t\t\t<\/div>\n\t\t\t\t<\/div>\n\t\t\t\t\t<\/div>\n\t\t<\/div>\n\t\t\t\t\t<\/div>\n\t\t<\/section>\n\t\t\t\t<div class=\"elementor-element elementor-element-60fa3b7 elementor-widget-divider--view-line elementor-widget elementor-widget-divider\" data-id=\"60fa3b7\" data-element_type=\"widget\" data-e-type=\"widget\" data-widget_type=\"divider.default\">\n\t\t\t\t<div class=\"elementor-widget-container\">\n\t\t\t\t\t\t\t<div class=\"elementor-divider\">\n\t\t\t<span class=\"elementor-divider-separator\">\n\t\t\t\t\t\t<\/span>\n\t\t<\/div>\n\t\t\t\t\t\t<\/div>\n\t\t\t\t<\/div>\n\t\t\t\t<section class=\"elementor-section elementor-inner-section elementor-element elementor-element-422a0ad elementor-section-boxed elementor-section-height-default elementor-section-height-default\" data-id=\"422a0ad\" data-element_type=\"section\" data-e-type=\"section\">\n\t\t\t\t\t\t<div class=\"elementor-container elementor-column-gap-default\">\n\t\t\t\t\t<div class=\"elementor-column elementor-col-50 elementor-inner-column elementor-element elementor-element-371f64c\" data-id=\"371f64c\" data-element_type=\"column\" data-e-type=\"column\">\n\t\t\t<div class=\"elementor-widget-wrap elementor-element-populated\">\n\t\t\t\t\t\t<div class=\"elementor-element elementor-element-08a94c2 elementor-widget elementor-widget-text-editor\" data-id=\"08a94c2\" data-element_type=\"widget\" data-e-type=\"widget\" data-widget_type=\"text-editor.default\">\n\t\t\t\t<div class=\"elementor-widget-container\">\n\t\t\t\t\t\t\t\t\t<p><span style=\"color: #444444;\"><span style=\"font-size: 22px; -webkit-text-stroke-color: #000000;\"><b>Innovaci\u00f3n que impulsa el campo<\/b><\/span><\/span><\/p><p><span style=\"color: #272626;\"><span style=\"font-size: 17px;\">En ETAGRO, creemos en el poder de la tecnolog\u00eda para transformar el trabajo en el campo.<\/span><\/span><\/p><p><span style=\"color: #272626;\"><span style=\"font-size: 17px;\">Ofrecemos maquinaria agr\u00edcola moderna y eficiente, pensada para hacer tus labores m\u00e1s simples, r\u00e1pidas y rentables.<\/span><\/span><\/p><p><span style=\"color: #272626;\"><span style=\"font-size: 17px;\">Como importadores directos, garantizamos equipos de calidad y un departamento de repuestos que respalda cada producto con atenci\u00f3n y confianza.\u00a0<\/span><\/span><\/p><p><span style=\"color: #272626;\"><span style=\"font-size: 17px;\"><b>Tu producci\u00f3n crece, y nosotros crecemos contigo<\/b><\/span><\/span><\/p>\t\t\t\t\t\t\t\t<\/div>\n\t\t\t\t<\/div>\n\t\t\t\t\t<\/div>\n\t\t<\/div>\n\t\t\t\t<div class=\"elementor-column elementor-col-50 elementor-inner-column elementor-element elementor-element-feeda65\" data-id=\"feeda65\" data-element_type=\"column\" data-e-type=\"column\">\n\t\t\t<div class=\"elementor-widget-wrap elementor-element-populated\">\n\t\t\t\t\t\t<div class=\"elementor-element elementor-element-f88e0a0 elementor-widget elementor-widget-image\" data-id=\"f88e0a0\" data-element_type=\"widget\" data-e-type=\"widget\" data-widget_type=\"image.default\">\n\t\t\t\t<div class=\"elementor-widget-container\">\n\t\t\t\t\t\t\t\t\t\t\t\t\t\t\t<img decoding=\"async\" width=\"596\" height=\"643\" src=\"https:\/\/etagro.com\/wp-content\/uploads\/2025\/11\/WhatsApp-Image-2025-11-13-at-11.25.37-AM-1.jpeg\" class=\"attachment-large size-large wp-image-4500\" alt=\"\" srcset=\"https:\/\/etagro.com\/wp-content\/uploads\/2025\/11\/WhatsApp-Image-2025-11-13-at-11.25.37-AM-1.jpeg 596w, https:\/\/etagro.com\/wp-content\/uploads\/2025\/11\/WhatsApp-Image-2025-11-13-at-11.25.37-AM-1-278x300.jpeg 278w, https:\/\/etagro.com\/wp-content\/uploads\/2025\/11\/WhatsApp-Image-2025-11-13-at-11.25.37-AM-1-300x324.jpeg 300w\" sizes=\"(max-width: 596px) 100vw, 596px\" \/>\t\t\t\t\t\t\t\t\t\t\t\t\t\t\t<\/div>\n\t\t\t\t<\/div>\n\t\t\t\t\t<\/div>\n\t\t<\/div>\n\t\t\t\t\t<\/div>\n\t\t<\/section>\n\t\t\t\t\t<\/div>\n\t\t<\/div>\n\t\t\t\t\t<\/div>\n\t\t<\/section>\n\t\t\t\t<\/div>\n\t\t","protected":false},"excerpt":{"rendered":"<p>Soluciones completas en maquinaria y repuestos para el campo. En etagro no solo ofrecemos maquinaria tambi\u00e9n contamos con una amplia gama de repuestos para marcas como: SAETA, PENAGOS, MARUYAMA, PEARL, HONDA, STIHL, BARNES. Encuentra la l\u00ednea completa de repuestos Celular de repuestos: 311 355 1118 Repuestos y servicio t\u00e9cnico que te mantienen en marcha El [&hellip;]<\/p>\n","protected":false},"author":1,"featured_media":0,"parent":0,"menu_order":0,"comment_status":"closed","ping_status":"closed","template":"elementor_header_footer","meta":{"_joinchat":[],"footnotes":""},"class_list":["post-3244","page","type-page","status-publish","hentry"],"_links":{"self":[{"href":"https:\/\/etagro.com\/index.php?rest_route=\/wp\/v2\/pages\/3244","targetHints":{"allow":["GET"]}}],"collection":[{"href":"https:\/\/etagro.com\/index.php?rest_route=\/wp\/v2\/pages"}],"about":[{"href":"https:\/\/etagro.com\/index.php?rest_route=\/wp\/v2\/types\/page"}],"author":[{"embeddable":true,"href":"https:\/\/etagro.com\/index.php?rest_route=\/wp\/v2\/users\/1"}],"replies":[{"embeddable":true,"href":"https:\/\/etagro.com\/index.php?rest_route=%2Fwp%2Fv2%2Fcomments&post=3244"}],"version-history":[{"count":34,"href":"https:\/\/etagro.com\/index.php?rest_route=\/wp\/v2\/pages\/3244\/revisions"}],"predecessor-version":[{"id":4505,"href":"https:\/\/etagro.com\/index.php?rest_route=\/wp\/v2\/pages\/3244\/revisions\/4505"}],"wp:attachment":[{"href":"https:\/\/etagro.com\/index.php?rest_route=%2Fwp%2Fv2%2Fmedia&parent=3244"}],"curies":[{"name":"wp","href":"https:\/\/api.w.org\/{rel}","templated":true}]}}